s the remainder when j is divided by s(g)?
5
Let r = 22 + -20. Suppose -r*q = -5*m + 16 + 48, 4*m - 5*q = 41. Calculate the remainder when m is divided by 8.
6
What is the remainder when 105 is divided by 20*((-21)/35)/(-1)?
9
Suppose -185 = -2*x - 3*x. Calculate the remainder when (-3)/(-4)*(-40232)/(-282) is divided by x.
33
Let a(p) = -2*p**3 - 4*p**2 + 20*p + 58. Calculate the remainder when 138 is divided by a(-4).
12
Let v = 40 + -38. Suppose -6 = -v*q + 5*x + 94, 3*q + 2*x - 112 = 0. What is the remainder when 158 is divided by q?
38
Suppose -12*d - 4*c - 497 = -17*d, -d = -c - 100. Calculate the remainder when d is divided by 38.
21
Let v(p) = 36*p - 98. Let y(a) = -3*a - 23. Let u(s) = s + 1. Let b(c) = -4*u(c) - y(c). What is the remainder when b(0) is divided by v(3)?
9
Let z(d) = 40*d**2 - 279*d + 3. Suppose x + f - 15 = 0, 7*x = 3*x + 2*f + 78. What is the remainder when x is divided by z(7)?
8
Let t = -696 - -720. Calculate the remainder when 65 is divided by t.
17
Let o(k) = -k**3 + 5*k**2 + 4*k + 5. Let g(d) = -d**3 - d**2 - d + 1. Let h(l) = -2*g(l) + o(l). Calculate the remainder when 10 is divided by h(-6).
1
Let a be 1/(-3)*24/4. Let x(v) = 3*v**2 + 5*v + 3. What is the remainder when 14 is divided by x(a)?
4
Let w = -70 - -92. What is the remainder when 43 is divided by w?
21
Suppose -146 = -3*f + b, 5*f - 324 + 82 = 2*b. Let z = f - 32. Calculate the remainder when 18 is divided by z.
0
Let n = 315 - 221. Calculate the remainder when 655 is divided by n.
91
Let h be -15 + (-2)/(-6)*-3 - 2. Let n(p) = -p**3 - 18*p**2 - 3*p - 37. What is the remainder when 46 is divided by n(h)?
12
Let w(o) = 24*o - 28. What is the remainder when (0 + 34 - -2) + 2 is divided by w(2)?
18
Let b(l) = 2*l**2 + 2*l - 9. Let m = 10 + -8. Suppose -18 = -m*t - t. What is the remainder when b(t) is divided by 38?
37
Suppose 415 = -88*i + 1999. Suppose -5*v = -2*v - 375. What is the remainder when v is divided by i?
17
Let m(s) = s + 22. Let j be m(-11). Suppose -14*b + j*b = -318. Calculate the remainder when b is divided by 28.
22
Let v = -20 - -29. Suppose v = -6*l + 129. What is the remainder when l is divided by 8?
4
Let k(o) = -5*o**2 + 313*o + 203. Calculate the remainder when k(63) is divided by (1 + -16 - 1)/(-1).
13
Let u be ((-12)/(-4) - -22)/1. Suppose -2*q = -q - 4*c - 194, -5*c = u. Suppose 0*m - 6*m = -q. What is the remainder when m is divided by 16?
13
Suppose -2*c + 8 = 2*c, -v + c + 23 = 0. Suppose 0 = -0*n - 2*n + 8. What is the remainder when v is divided by n?
1
Suppose -3*q = 5*d - 23, d + 4*q + 8 = 4*d. Calculate the remainder when 16 is divided by d.
0
Let a(v) = v**3 + 10*v**2 - 12*v - 9. Let c be a(-11). Suppose -1 = -c*f - x, f + 2 = -f - 2*x. Let z = f - -32. What is the remainder when z is divided by 7?
6
Let y(z) = -z + 8. Suppose u - p - 4*p = 31, -86 = -4*u + p. Calculate the remainder when u is divided by y(-4).
9
Suppose n + 45 = 3*r - 2*n, 0 = -r - 5*n + 9. Let f(m) = -48*m + 16. Let l be f(-6). Suppose l = 22*x - 14*x. Calculate the remainder when x is divided by r.
10
Suppose -k + 4 = 0, -2*o + 0*k = -2*k - 102. Suppose 13 = -3*w + o. Let j = -7 - -48. What is the remainder when j is divided by w?
13
Let o = -25 + 28. Suppose -2*j + 150 = o*j. Suppose 2*m - j - 68 = 0. What is the remainder when m is divided by 17?
15
Suppose 11*z = 25*z - 364. Calculate the remainder when z is divided by ((-4)/(-6))/(4/42).
5
Let r = -4 - -7. Suppose r*n = -n + 184. Suppose 0 = d + 3, -5*p - 8*d + 7*d = -57. What is the remainder when n is divided by p?
10
Suppose -s - 139 + 184 = 0. What is the remainder when 223 is divided by s?
43
Let g(m) = -288*m**3 - m**2 - 1. What is the remainder when g(-1) is divided by 16?
14
Calculate the remainder when 270 is divided by (40/35)/((-3)/(-42)).
14
Suppose 0*f - 331 = -5*f - 4*r, -3*f = r - 200. Let d = 90 - 55. Calculate the remainder when f is divided by d.
32
Let z(y) = -y - 11. Let j be z(-8). Calculate the remainder when 48 is divided by 15/(-2)*4/j.
8
Let u = -21 - -23. Suppose 0 = 3*p - u*r + 528, 8*r = 2*p + 3*r + 341. What is the remainder when p/3*24/(-16) is divided by 18?
17
Let u(f) = -f**3 - 2*f**2 + 4*f. Let z be u(-4). Suppose 0 = -3*h - 7 + z. What is the remainder when 11 is divided by h?
2
Let q(s) be the second derivative of s**4/6 + 2*s**3/3 + 3*s**2 - 6*s. Calculate the remainder when 9 is divided by q(-2).
3
Suppose -132 = 4*l - 6*l. Suppose -65 = -3*y + 2*b, -54 = -2*y + b - 5*b. What is the remainder when l is divided by y?
20
Let l(d) = d**3 + d**2 + 3*d - 4. Let u be l(-4). Let g = -134 - -232. Let z = u + g. What is the remainder when 99 is divided by z?
31
Suppose -3*c + 17*m = 19*m - 116, 5*c - 2*m - 188 = 0. Calculate the remainder when 302 is divided by c.
36
Suppose 0 = -3*l + 3*k + 27, -4*l - 10 + 42 = -3*k. Suppose t - 2*m = -2, -2*m + 35 = 5*t - 3*m. Calculate the remainder when 4/t*(64 - -2) is divided by l.
3
Suppose -4*n + 47 = -5*x, -5*n = 5*x - 0*x - 25. What is the remainder when 189 is divided by n?
5
Suppose -4*z - 2*c = 3*c - 465, -5*z + 585 = 5*c. What is the remainder when 44 is divided by (2/5)/(3/z)?
12
Suppose 0 = -0*z - z. Suppose -2*v + 3*g + 122 = z, -4*g = -v - 12 + 78. What is the remainder when v is divided by 20?
18
Let r(z) = -z**3 - 7*z**2 - 9*z - 5. Suppose -6*k = -5*k + 7. What is the remainder when r(k) is divided by 15?
13
Let u(f) = -f**3 - 9*f**2 + 8*f - 15. Calculate the remainder when u(-10) is divided by 3.
2
Suppose f = 2*f + t - 245, 235 = f + 3*t. What is the remainder when f is divided by 44?
30
What is the remainder when ((-22)/5)/((-2)/10) is divided by (-6 - -3 - -2) + 39/3?
10
Suppose -234 = 5*a - 3*a. Let q = -170 - a. Let u = q + 77. Calculate the remainder when u is divided by 13.
11
Let d = 14 - 2. Suppose v + 5 = d. Suppose 2*q - 25 = v. Calculate the remainder when 45 is divided by q.
13
Let p = 1893 - 1794. Calculate the remainder when 370 is divided by p.
73
Suppose -3*m + 39*m = 1260. Let n be 5/((-5)/4) + 1. Calculate the remainder when m is divided by (-2)/(-8)*n*-16.
11
Suppose 14*h + 6032 = 72*h. Calculate the remainder when 308 is divided by h.
100
Let j(l) = 2*l**2 - 19*l + 34. What is the remainder when 266 is divided by j(11)?
65
Let a(q) = -q - 19. Let r be a(-8). Let j = r + 15. Suppose g - 4*o = 3, -10*g + 8*g + 6 = -2*o. What is the remainder when j is divided by g?
1
Calculate the remainder when 163 is divided by (4 - 3)/(6/348).
47
Let d = -2 + 61. What is the remainder when 125 is divided by d?
7
Let l = 14 + 6. Let x(v) = l - 26 + 13*v + 17. Calculate the remainder when x(4) is divided by 22.
19
What is the remainder when 6 + (-102)/18 + (-149)/(-3) is divided by 46?
4
Suppose -3*i = -p - 4, -5*i + 8*i - 2 = 2*p. Suppose -3*c + p*c = -4*w - 8, 2*w = 5*c - 76. Let q = 64 - 58. What is the remainder when c is divided by q?
4
Let m(z) = z**2 + 3*z - 3. Let s be m(-4). Let b = -17 + 30. What is the remainder when (21 - s)*35/14 is divided by b?
11
Let r = -251 + 291. What is the remainder when r is divided by 10?
0
Let s(w) = 4*w + 5. Suppose 3*v = 6 + 18. Suppose -4*p - v = -j, -3*j = -3*p - 39 - 3. Calculate the remainder when s(6) is divided by j.
13
Let i be (2*-12)/(-3) - 3. Suppose -i*f + t = -t + 33, f - t = -6. Let n(d) = -d**2 - 8*d - 5. What is the remainder when 4 is divided by n(f)?
0
Suppose 0 = -50*h + 51*h - 150. Calculate the remainder when h is divided by 17.
14
Let g = -5 - -7. Suppose -a + 1 = -g*a. What is the remainder when 41 is divided by a/(-6) - 747/(-54)?
13
What is the remainder when 110 is divided by (-1 - 0)/(-4 - (-669)/168)?
54
Let w = -11 - -12. Let p be (9*w)/(1 + 0). Calculate the remainder when 41 is divided by (-41)/(-3) - (-3)/p.
13
Calculate the remainder when 352 is divided by 217*((-35)/49)/(-5).
11
Suppose 161*i = 52*i + 1199. Suppose -5*g = -5*u, 0*u = -4*g + 2*u. Suppose -3*k + 0*k + 126 = g. Calculate the remainder when k is divided by i.
9
Suppose 2*n + h = -62, -n - 4*h = 31 - 7. Calculate the remainder when 3 + -5 + (0 - n) is divided by 16.
14
Suppose 3*x + 3*c - 21 = 0, 7*x = 2*x - 3*c + 43. Calculate the remainder when 10/15*1*63 is divided by x.
9
Let m(z) = 4*z**3 - 24*z**2 + 4*z + 1. Let c be m(6). Suppose 48*x + c = 49*x. Calculate th